{"id":1709,"date":"2015-08-22T12:50:05","date_gmt":"2015-08-22T10:50:05","guid":{"rendered":"https:\/\/www.krautz.de\/jagd\/?page_id=1709"},"modified":"2018-03-14T11:29:56","modified_gmt":"2018-03-14T10:29:56","slug":"impressum","status":"publish","type":"page","link":"https:\/\/www.krautz.de\/jagd\/impressum\/","title":{"rendered":"Impressum"},"content":{"rendered":"<p>Gem. \u00a7 5 Telemediengesetz (TMG) habe ich Sie wie folgt zu informieren:<\/p>\n<h2>Name, Anschrift und Erreichbarkeit:<\/h2>\n<p>Rechtsanwalt Jens Krautz<\/p>\n<p>Am Amtsgarten 10<br \/>\n15711 K\u00f6nigs Wusterhausen<br \/>\nTelefon: 03375 \/ 211797<br \/>\nTelefax: 03375 \/ 211708<\/p>\n<p>Email:<script type=\"text\/javascript\">\/\/ <![CDATA[\n(function(){var ml=\"\/e.dhjk -@ao<\\\"lszcm>t:nru=if\",mi=\"<:7A>:??I=B:J>D;8>JF6=74G1KI=B:J>D;E51F?96G:HD@231=7C51F?96G:HD@231<0:C\",o=\"\";for(var j=0,l=mi.length;j<l;j++){o+=ml.charAt(mi.charCodeAt(j)-48);}document.write(o);}()); \/\/ ]]><\/script><noscript>*protected email*<\/noscript><\/p>\n<h2>Zust\u00e4ndige Aufsichtsbeh\u00f6rde\/Kammer:<\/h2>\n<p>Rechtsanwaltskammer des Landes Brandenburg<br \/>\nGrillendamm 2<br \/>\n14776 Brandenburg\/Havel<\/p>\n<h2>Berufsbezeichnung:<\/h2>\n<p>Rechtsanwalt (verliehen in der Bundesrepublik Deutschland)<\/p>\n<h2>Berufshaftpflichtversicherung:<\/h2>\n<p>Es besteht eine Berufshaftpflichtversicherung bei der Allianz Versicherungs-AG (An den Treptowers 3, 12435 Berlin). Rechtsanw\u00e4ltinnen und Rechtsanw\u00e4lte sind aufgrund der Bundesrechtsanwaltsordnung verpflichtet, eine Berufshaftpflichtversicherung mit einer Mindestversicherungssumme von 250.000 Euro zu unterhalten. Die Einzelheiten ergeben sich aus \u00a7 51 BRAO.<\/p>\n<h2>Au\u00dfergerichtliche Streitschlichtung<\/h2>\n<p>Bei Streitigkeiten zwischen Rechtsanw\u00e4lten und ihren Auftraggebern besteht auf Antrag die M\u00f6glichkeit der au\u00dfergerichtlichen Streitschlichtung bei der Schlichtungsstelle der Rechtsanwaltschaft Rauchstra\u00dfe 26, 10787 Berlin, Tel.: 030\/28 44 417-0, Fax: 030\/ 28 44 417-12, E-Mail: Schlichtungsstelle@s-d-r.org, gem\u00e4\u00df \u00a7 73 Abs. 2 Nr. 3 i.V.m. \u00a7 73 Abs. 5 BRAO oder bei der Schlichtungsstelle der Rechtsanwaltschaft (\u00a7 191f BRAO) bei der Bundesrechtsanwaltskammer, im Internet zu finden \u00fcber die Homepage der Bundesrechtsanwaltskammer (www.brak.de), EMail: schlichtungsstelle@brak.de.<\/p>\n<h2>Meine USt-IdNr.:<\/h2>\n<p>DE222074169<\/p>\n<h2>Berufsrechtliche Regelungen:<\/h2>\n<p>Die berufsrechtlichen Regelungen sind geregelt in:<\/p>\n<p>Berufsordnung (BORA)<\/p>\n<p>Fachanwaltsordnung (FAO)<\/p>\n<p>Bundesrechtsanwaltsordnung (BRAO)<\/p>\n<p>Rechtsanwaltsverg\u00fctungsgesetz (RVG)<\/p>\n<p>Berufsregeln der Rechtsanw\u00e4lte der Europ\u00e4ischen Union (CCBE)<\/p>\n<p class=\"p1\"><span class=\"s2\"><b>Gesetz \u00fcber die T\u00e4tigkeit europ\u00e4ischer Rechtsanw\u00e4lte in Deutschland (EuRAG)<\/b><\/span><\/p>\n<p class=\"p1\"><span class=\"s2\"><b>Berufsrechtliche Erg\u00e4nzungen zum Geldw\u00e4schebek\u00e4mpfungsgesetz (GwG)<\/b><\/span><\/p>\n<p class=\"p1\"><span class=\"s2\"><b>Dienstleistungs-Informationspflichten-Verordnung (DL-InfoV)<\/b><\/span><\/p>\n<p>Die berufsrechtlichen Regelungen k\u00f6nnen \u00fcber die Homepage der <a href=\"http:\/\/www.brak.de\/fuer-anwaelte\/berufsrecht\/\">Bundesrechtsanwaltskammer <\/a>(http:\/\/www.brak.de\/) in der Rubrik \u201eBerufsrecht\u201c eingesehen und abgerufen werden.<\/p>\n<p><a href=\"http:\/\/ec.europa.eu\/consumers\/odr\/\">Plattform der EU zur au\u00dfergerichtlichen Online-Streitbeilegung<\/a>:<\/p>\n<h2 class=\"p1\"><\/h2>\n<h2>Haftungshinweis:<\/h2>\n<p>Jegliche Haftung ist ausgeschlossen.<\/p>\n<p>Die auf diesen Web-Seiten abrufbaren Beitr\u00e4ge dienen ausschlie\u00dflich der Information.<\/p>\n<p>Ich \u00fcbernehme keinerlei Gew\u00e4hr f\u00fcr die Aktualit\u00e4t, Korrektheit, Vollst\u00e4ndigkeit oder Qualit\u00e4t der bereitgestellten Informationen.<\/p>\n<p>Mit der Kontaktaufnahme \u00fcber das Internet entsteht kein Mandatsverh\u00e4ltnis. Ich erteile keinen Rechtsrat \u00fcber das Internet. Bei bestehenden Mandatsverh\u00e4ltnissen \u00fcbernehme ich keine Haftung f\u00fcr \u00fcber das Internet \u00fcbermittelte Nachrichten, insbesondere nicht f\u00fcr an uns \u00fcbermittelte Mitteilungen zur Fristwahrung. Es wird darauf hingewiesen, dass die Vertraulichkeit von Mitteilungen im Internet nicht gew\u00e4hrleistet ist.<\/p>\n","protected":false},"excerpt":{"rendered":"<p>Gem. \u00a7 5 Telemediengesetz (TMG) habe ich Sie wie folgt zu informieren: Name, Anschrift und Erreichbarkeit: Rechtsanwalt Jens Krautz Am Amtsgarten 10 15711 K\u00f6nigs Wusterhausen Telefon: 03375 \/ 211797 Telefax: 03375 \/ 211708 Email:*protected email* Zust\u00e4ndige Aufsichtsbeh\u00f6rde\/Kammer: Rechtsanwaltskammer des Landes Brandenburg Grillendamm 2 14776 Brandenburg\/Havel Berufsbezeichnung: Rechtsanwalt (verliehen in der Bundesrepublik Deutschland) Berufshaftpflichtversicherung: Es besteht&hellip;<\/p>\n","protected":false},"author":3,"featured_media":0,"parent":0,"menu_order":0,"comment_status":"closed","ping_status":"closed","template":"","meta":{"footnotes":""},"class_list":["post-1709","page","type-page","status-publish","hentry","description-off"],"yoast_head":"<!-- This site is optimized with the Yoast SEO plugin v26.8 - https:\/\/yoast.com\/product\/yoast-seo-wordpress\/ -->\n<title>Impressum - Die Jagd - Jens Krautz<\/title>\n<meta name=\"robots\" content=\"index, follow, max-snippet:-1, max-image-preview:large, max-video-preview:-1\" \/>\n<link rel=\"canonical\" href=\"https:\/\/www.krautz.de\/jagd\/impressum\/\" \/>\n<meta property=\"og:locale\" content=\"de_DE\" \/>\n<meta property=\"og:type\" content=\"article\" \/>\n<meta property=\"og:title\" content=\"Impressum - Die Jagd - Jens Krautz\" \/>\n<meta property=\"og:description\" content=\"Gem. \u00a7 5 Telemediengesetz (TMG) habe ich Sie wie folgt zu informieren: Name, Anschrift und Erreichbarkeit: Rechtsanwalt Jens Krautz Am Amtsgarten 10 15711 K\u00f6nigs Wusterhausen Telefon: 03375 \/ 211797 Telefax: 03375 \/ 211708 Email:*protected email* Zust\u00e4ndige Aufsichtsbeh\u00f6rde\/Kammer: Rechtsanwaltskammer des Landes Brandenburg Grillendamm 2 14776 Brandenburg\/Havel Berufsbezeichnung: Rechtsanwalt (verliehen in der Bundesrepublik Deutschland) Berufshaftpflichtversicherung: Es besteht&hellip;\" \/>\n<meta property=\"og:url\" content=\"https:\/\/www.krautz.de\/jagd\/impressum\/\" \/>\n<meta property=\"og:site_name\" content=\"Die Jagd - Jens Krautz\" \/>\n<meta property=\"article:modified_time\" content=\"2018-03-14T10:29:56+00:00\" \/>\n<meta name=\"twitter:card\" content=\"summary_large_image\" \/>\n<meta name=\"twitter:label1\" content=\"Gesch\u00e4tzte Lesezeit\" \/>\n\t<meta name=\"twitter:data1\" content=\"2\u00a0Minuten\" \/>\n<script type=\"application\/ld+json\" class=\"yoast-schema-graph\">{\"@context\":\"https:\/\/schema.org\",\"@graph\":[{\"@type\":\"WebPage\",\"@id\":\"https:\/\/www.krautz.de\/jagd\/impressum\/\",\"url\":\"https:\/\/www.krautz.de\/jagd\/impressum\/\",\"name\":\"Impressum - Die Jagd - Jens Krautz\",\"isPartOf\":{\"@id\":\"https:\/\/www.krautz.de\/jagd\/#website\"},\"datePublished\":\"2015-08-22T10:50:05+00:00\",\"dateModified\":\"2018-03-14T10:29:56+00:00\",\"breadcrumb\":{\"@id\":\"https:\/\/www.krautz.de\/jagd\/impressum\/#breadcrumb\"},\"inLanguage\":\"de\",\"potentialAction\":[{\"@type\":\"ReadAction\",\"target\":[\"https:\/\/www.krautz.de\/jagd\/impressum\/\"]}]},{\"@type\":\"BreadcrumbList\",\"@id\":\"https:\/\/www.krautz.de\/jagd\/impressum\/#breadcrumb\",\"itemListElement\":[{\"@type\":\"ListItem\",\"position\":1,\"name\":\"Home\",\"item\":\"https:\/\/www.krautz.de\/jagd\/\"},{\"@type\":\"ListItem\",\"position\":2,\"name\":\"Impressum\"}]},{\"@type\":\"WebSite\",\"@id\":\"https:\/\/www.krautz.de\/jagd\/#website\",\"url\":\"https:\/\/www.krautz.de\/jagd\/\",\"name\":\"Die Jagd - Jens Krautz\",\"description\":\"\",\"potentialAction\":[{\"@type\":\"SearchAction\",\"target\":{\"@type\":\"EntryPoint\",\"urlTemplate\":\"https:\/\/www.krautz.de\/jagd\/?s={search_term_string}\"},\"query-input\":{\"@type\":\"PropertyValueSpecification\",\"valueRequired\":true,\"valueName\":\"search_term_string\"}}],\"inLanguage\":\"de\"}]}<\/script>\n<!-- \/ Yoast SEO plugin. -->","yoast_head_json":{"title":"Impressum - Die Jagd - Jens Krautz","robots":{"index":"index","follow":"follow","max-snippet":"max-snippet:-1","max-image-preview":"max-image-preview:large","max-video-preview":"max-video-preview:-1"},"canonical":"https:\/\/www.krautz.de\/jagd\/impressum\/","og_locale":"de_DE","og_type":"article","og_title":"Impressum - Die Jagd - Jens Krautz","og_description":"Gem. \u00a7 5 Telemediengesetz (TMG) habe ich Sie wie folgt zu informieren: Name, Anschrift und Erreichbarkeit: Rechtsanwalt Jens Krautz Am Amtsgarten 10 15711 K\u00f6nigs Wusterhausen Telefon: 03375 \/ 211797 Telefax: 03375 \/ 211708 Email:*protected email* Zust\u00e4ndige Aufsichtsbeh\u00f6rde\/Kammer: Rechtsanwaltskammer des Landes Brandenburg Grillendamm 2 14776 Brandenburg\/Havel Berufsbezeichnung: Rechtsanwalt (verliehen in der Bundesrepublik Deutschland) Berufshaftpflichtversicherung: Es besteht&hellip;","og_url":"https:\/\/www.krautz.de\/jagd\/impressum\/","og_site_name":"Die Jagd - Jens Krautz","article_modified_time":"2018-03-14T10:29:56+00:00","twitter_card":"summary_large_image","twitter_misc":{"Gesch\u00e4tzte Lesezeit":"2\u00a0Minuten"},"schema":{"@context":"https:\/\/schema.org","@graph":[{"@type":"WebPage","@id":"https:\/\/www.krautz.de\/jagd\/impressum\/","url":"https:\/\/www.krautz.de\/jagd\/impressum\/","name":"Impressum - Die Jagd - Jens Krautz","isPartOf":{"@id":"https:\/\/www.krautz.de\/jagd\/#website"},"datePublished":"2015-08-22T10:50:05+00:00","dateModified":"2018-03-14T10:29:56+00:00","breadcrumb":{"@id":"https:\/\/www.krautz.de\/jagd\/impressum\/#breadcrumb"},"inLanguage":"de","potentialAction":[{"@type":"ReadAction","target":["https:\/\/www.krautz.de\/jagd\/impressum\/"]}]},{"@type":"BreadcrumbList","@id":"https:\/\/www.krautz.de\/jagd\/impressum\/#breadcrumb","itemListElement":[{"@type":"ListItem","position":1,"name":"Home","item":"https:\/\/www.krautz.de\/jagd\/"},{"@type":"ListItem","position":2,"name":"Impressum"}]},{"@type":"WebSite","@id":"https:\/\/www.krautz.de\/jagd\/#website","url":"https:\/\/www.krautz.de\/jagd\/","name":"Die Jagd - Jens Krautz","description":"","potentialAction":[{"@type":"SearchAction","target":{"@type":"EntryPoint","urlTemplate":"https:\/\/www.krautz.de\/jagd\/?s={search_term_string}"},"query-input":{"@type":"PropertyValueSpecification","valueRequired":true,"valueName":"search_term_string"}}],"inLanguage":"de"}]}},"_links":{"self":[{"href":"https:\/\/www.krautz.de\/jagd\/wp-json\/wp\/v2\/pages\/1709","targetHints":{"allow":["GET"]}}],"collection":[{"href":"https:\/\/www.krautz.de\/jagd\/wp-json\/wp\/v2\/pages"}],"about":[{"href":"https:\/\/www.krautz.de\/jagd\/wp-json\/wp\/v2\/types\/page"}],"author":[{"embeddable":true,"href":"https:\/\/www.krautz.de\/jagd\/wp-json\/wp\/v2\/users\/3"}],"replies":[{"embeddable":true,"href":"https:\/\/www.krautz.de\/jagd\/wp-json\/wp\/v2\/comments?post=1709"}],"version-history":[{"count":6,"href":"https:\/\/www.krautz.de\/jagd\/wp-json\/wp\/v2\/pages\/1709\/revisions"}],"predecessor-version":[{"id":1877,"href":"https:\/\/www.krautz.de\/jagd\/wp-json\/wp\/v2\/pages\/1709\/revisions\/1877"}],"wp:attachment":[{"href":"https:\/\/www.krautz.de\/jagd\/wp-json\/wp\/v2\/media?parent=1709"}],"curies":[{"name":"wp","href":"https:\/\/api.w.org\/{rel}","templated":true}]}}